{"id":13,"date":"2019-04-10T20:46:18","date_gmt":"2019-04-10T18:46:18","guid":{"rendered":"http:\/\/vps670844.ovh.net\/?page_id=13"},"modified":"2019-06-24T13:25:22","modified_gmt":"2019-06-24T11:25:22","slug":"meine-bienen","status":"publish","type":"page","link":"http:\/\/www.immen-honig.de\/index.php\/meine-bienen\/","title":{"rendered":"Meine Bienen"},"content":{"rendered":"\n<figure class=\"wp-block-image is-resized\"><img loading=\"lazy\" style=\"border: 1px solid #000000;\" src=\"http:\/\/vps670844.ovh.net\/wp-content\/uploads\/2019\/04\/18-07-05-182033-1024x745.png\" alt=\"\" class=\"wp-image-10\" width=\"1024\" height=\"745\" srcset=\"http:\/\/www.immen-honig.de\/wp-content\/uploads\/2019\/04\/18-07-05-182033-1024x745.png 1024w, http:\/\/www.immen-honig.de\/wp-content\/uploads\/2019\/04\/18-07-05-182033-300x218.png 300w, http:\/\/www.immen-honig.de\/wp-content\/uploads\/2019\/04\/18-07-05-182033-768x559.png 768w, http:\/\/www.immen-honig.de\/wp-content\/uploads\/2019\/04\/18-07-05-182033.png 1980w\" sizes=\"(max-width: 767px) 89vw, (max-width: 1000px) 54vw, (max-width: 1071px) 543px, 580px\" \/><figcaption>Ready for take off.<br><\/figcaption><\/figure>\n\n\n\n<h2>Darf ich vorstellen?<\/h2>\n\n\n\n<p>Das sind sie also, ein paar meiner Damen.  Das Bild entstand 2018, als ich mit meinem ersten Volk in die Bienenhaltung gestartet bin.  Ich imkere an zwei Bienenst\u00e4nden in Holzbeuten im Zanderma\u00df.<\/p>\n\n\n\n<figure class=\"wp-block-image is-resized\"><img loading=\"lazy\" style=\"border: 1px solid #000000;\" src=\"http:\/\/vps670844.ovh.net\/wp-content\/uploads\/2019\/04\/IMG_20180702_175541-1024x768.jpg\" alt=\"\" class=\"wp-image-14\" width=\"1024\" height=\"768\" srcset=\"http:\/\/www.immen-honig.de\/wp-content\/uploads\/2019\/04\/IMG_20180702_175541-1024x768.jpg 1024w, http:\/\/www.immen-honig.de\/wp-content\/uploads\/2019\/04\/IMG_20180702_175541-300x225.jpg 300w, http:\/\/www.immen-honig.de\/wp-content\/uploads\/2019\/04\/IMG_20180702_175541-768x576.jpg 768w\" sizes=\"(max-width: 767px) 89vw, (max-width: 1000px) 54vw, (max-width: 1071px) 543px, 580px\" \/><\/figure>\n\n\n\n<p>Den richtigen Umgang mit Bienen habe ich beim <a href=\"https:\/\/kreisimkerverein.wordpress.com\/\">Kreis-Imkerverein Ingelheim-Bingen<\/a> in einem einj\u00e4hrigen Kurs gelernt. Zumindest bilde ich mir das ein. Aktuell ist es immer noch so, dass ich bei jedem Besuch am Bienenstand von meinen Bienen lerne. <\/p>\n\n\n\n<blockquote class=\"wp-block-quote\"><p>Danken m\u00f6chte ich an dieser Stelle ausdr\u00fccklich meinen &#8218;Bienenv\u00e4tern&#8216; vom Kreis-Imkerverein Ingelheim Bingen: Elmar, Hubert, Hubert (ja, zweimal), Silke (&#8218;Bienenmutter&#8216;) und Vlad.  Wer sich ebenfalls dem erstaunlichen Hobby der Bienenzucht zuwenden m\u00f6chte, dem kann ich nur empfehlen, den Kurs im Verein zu besuchen. Imkerinnen und Imker sind ein besonderer Schlag Menschen &#8211; und in diesem speziellen Fall ein besonders guter.<\/p><\/blockquote>\n\n\n\n<h2>Her Majesty<\/h2>\n\n\n\n<figure class=\"wp-block-image\"><img loading=\"lazy\" width=\"1024\" height=\"576\" style=\"border: 1px solid #000000;\" src=\"http:\/\/vps670844.ovh.net\/wp-content\/uploads\/2019\/04\/IMG_20180721_193308-1024x576.jpg\" alt=\"Die Bienenk\u00f6nigin umgeben von ihrem Hofstaat.\" class=\"wp-image-65\" srcset=\"http:\/\/www.immen-honig.de\/wp-content\/uploads\/2019\/04\/IMG_20180721_193308-1024x576.jpg 1024w, http:\/\/www.immen-honig.de\/wp-content\/uploads\/2019\/04\/IMG_20180721_193308-300x169.jpg 300w, http:\/\/www.immen-honig.de\/wp-content\/uploads\/2019\/04\/IMG_20180721_193308-768x432.jpg 768w\" sizes=\"(max-width: 767px) 89vw, (max-width: 1000px) 54vw, (max-width: 1071px) 543px, 580px\" \/><figcaption>Die Bienenk\u00f6nigin umgeben von ihrem Hofstaat.<\/figcaption><\/figure>\n\n\n\n<p>Das ist eine meiner K\u00f6niginnen. Den roten Punkt habe ich ihr verpasst, um ihr Geburtsjahr festzuhalten und um sie in dem Gewimmel des Bienenstocks einfacher zu finden.<\/p>\n\n\n\n<figure class=\"wp-block-image\"><img loading=\"lazy\" width=\"1024\" height=\"576\" style=\"border: 1px solid #000000;\" src=\"http:\/\/vps670844.ovh.net\/wp-content\/uploads\/2019\/04\/IMG_20180719_192932-1024x576.jpg\" alt=\"Die K\u00f6nigin beim &quot;Zeichner&quot;.\" class=\"wp-image-66\" srcset=\"http:\/\/www.immen-honig.de\/wp-content\/uploads\/2019\/04\/IMG_20180719_192932-1024x576.jpg 1024w, http:\/\/www.immen-honig.de\/wp-content\/uploads\/2019\/04\/IMG_20180719_192932-300x169.jpg 300w, http:\/\/www.immen-honig.de\/wp-content\/uploads\/2019\/04\/IMG_20180719_192932-768x432.jpg 768w\" sizes=\"(max-width: 767px) 89vw, (max-width: 1000px) 54vw, (max-width: 1071px) 543px, 580px\" \/><figcaption>Jetzt ganz sachte: Die K\u00f6nigin bekommt ihren roten Tupfer auf den R\u00fccken.<\/figcaption><\/figure>\n\n\n\n<p>Das sogenannte Zeichnen der K\u00f6nigin erfordert etwas Fingerspitzengef\u00fchl. Auf keinen Fall darf das kleine Insekt dabei eine Verletzung davontragen.<\/p>\n\n\n\n<figure class=\"wp-block-image\"><img loading=\"lazy\" width=\"1024\" height=\"768\" src=\"http:\/\/www.immen-honig.de\/wp-content\/uploads\/2019\/05\/IMG_20190528_204301-1024x768.jpg\" alt=\"\" class=\"wp-image-158\" srcset=\"http:\/\/www.immen-honig.de\/wp-content\/uploads\/2019\/05\/IMG_20190528_204301-1024x768.jpg 1024w, http:\/\/www.immen-honig.de\/wp-content\/uploads\/2019\/05\/IMG_20190528_204301-300x225.jpg 300w, http:\/\/www.immen-honig.de\/wp-content\/uploads\/2019\/05\/IMG_20190528_204301-768x576.jpg 768w\" sizes=\"(max-width: 767px) 89vw, (max-width: 1000px) 54vw, (max-width: 1071px) 543px, 580px\" \/><figcaption>So sieht es an meinem Ablegerstand aus. In der rechten Beute befindet sich bereits eine K\u00f6nigin von 2019, in der linken Beute warte ich noch darauf, dass der royale Nachwuchs schl\u00fcpft. Beide Ableger-V\u00f6lker wirken putzmunter machen ordentlich Alarm, wenn ich mich ihnen n\u00e4here. Ich bin gespannt, wie sich die beiden V\u00f6lker entwickeln.<\/figcaption><\/figure>\n","protected":false},"excerpt":{"rendered":"<p>Ready for take off. Darf ich vorstellen? Das sind sie also, ein paar meiner Damen. Das Bild entstand 2018, als ich mit meinem ersten Volk in die Bienenhaltung gestartet bin. Ich imkere an zwei Bienenst\u00e4nden in Holzbeuten im Zanderma\u00df. Den richtigen Umgang mit Bienen habe ich beim Kreis-Imkerverein Ingelheim-Bingen in einem einj\u00e4hrigen Kurs gelernt. Zumindest &hellip; <\/p>\n<p class=\"link-more\"><a href=\"http:\/\/www.immen-honig.de\/index.php\/meine-bienen\/\" class=\"more-link\"><span class=\"screen-reader-text\">\u201eMeine Bienen\u201c<\/span> weiterlesen<\/a><\/p>\n","protected":false},"author":1,"featured_media":0,"parent":0,"menu_order":0,"comment_status":"closed","ping_status":"closed","template":"","meta":[],"_links":{"self":[{"href":"http:\/\/www.immen-honig.de\/index.php\/wp-json\/wp\/v2\/pages\/13"}],"collection":[{"href":"http:\/\/www.immen-honig.de\/index.php\/wp-json\/wp\/v2\/pages"}],"about":[{"href":"http:\/\/www.immen-honig.de\/index.php\/wp-json\/wp\/v2\/types\/page"}],"author":[{"embeddable":true,"href":"http:\/\/www.immen-honig.de\/index.php\/wp-json\/wp\/v2\/users\/1"}],"replies":[{"embeddable":true,"href":"http:\/\/www.immen-honig.de\/index.php\/wp-json\/wp\/v2\/comments?post=13"}],"version-history":[{"count":11,"href":"http:\/\/www.immen-honig.de\/index.php\/wp-json\/wp\/v2\/pages\/13\/revisions"}],"predecessor-version":[{"id":163,"href":"http:\/\/www.immen-honig.de\/index.php\/wp-json\/wp\/v2\/pages\/13\/revisions\/163"}],"wp:attachment":[{"href":"http:\/\/www.immen-honig.de\/index.php\/wp-json\/wp\/v2\/media?parent=13"}],"curies":[{"name":"wp","href":"https:\/\/api.w.org\/{rel}","templated":true}]}}